*c - 2*z + 60408 = -c, -4*c + 60436 = -5*z. What is the tens digit of 4/14 + (c/7)/8?
7
Let i(l) = -15 - 20*l**3 + 8*l**3 + 2*l**2 + 11*l**3 - 41*l + 0*l**2. What is the units digit of i(-6)?
9
What is the units digit of ((48627/(-6))/9)/(8/(-16))?
1
Suppose 2*y = -4, d - 5*d = 2*y - 16. Suppose 3*c + 2*a = -2*a + 11, 10 = 5*c + d*a. What is the tens digit of 28/(-7) + c + 84?
7
Let u = 47 - 41. Suppose 8*j = 3*k + u*j - 568, 5*j = 3*k - 556. What is the hundreds digit of k?
1
Suppose k - 5 = -4*z - 2*k, 2*z + 4*k + 10 = 0. Suppose -520 = -3*a + b, 5*a - 3*a - 358 = -z*b. What is the tens digit of a?
7
Suppose h = 3*b - 15, -2*b - 4*h + 10 = -0*h. Let f(o) = -3*o**3 + 8*o**2 - 7*o + 18. Let z be f(b). Let y = 284 + z. What is the tens digit of y?
9
Suppose 0 = -2*i + 3*z + 6858 - 1265, 4*z = -2*i + 5628. What is the hundreds digit of i?
8
Let q = -5799 + 10552. What is the units digit of q?
3
Let k be 2 - (2/2 - 1). Let j(a) = a + 1 - 33*a**k - 2*a + 54*a**2. What is the units digit of j(2)?
3
Let h(y) = -2*y + 6. Let g be h(0). Suppose -g*a = -7*a + 4*t + 777, 0 = 4*a + t - 3142. What is the hundreds digit of a?
7
Let q(v) = -753*v - 49 + 44*v + 36*v. What is the units digit of q(-2)?
7
Suppose 145*z - 32*z = 3678602. What is the hundreds digit of z?
5
Let s(c) = 308*c**2 + 10*c - 4. Let m be s(4). Suppose -200*h + 204*h - m = 0. What is the thousands digit of h?
1
Let n = -86798 + 128196. What is the ten thousands digit of n?
4
Let v(u) = -182*u + 1257. What is the units digit of v(-29)?
5
Let j(t) = -2*t**3 + 11*t**2 + 2*t - 12. Let g be j(5). Let s(a) = -a + 34. Let h be s(g). Suppose -h*l + 186 = -8*l. What is the units digit of l?
2
Let d be (-24768)/45*((-4 - -1) + -2). Let g = d + -1544. What is the tens digit of g?
0
Suppose 0 = 5*n - 9 - 1. Let t(i) = -5*i**3 + i**2 + i. Let k be t(-1). Suppose -k*j + l + 439 = 2*l, -j + n*l + 79 = 0. What is the tens digit of j?
8
Let l = -721 - -1240. Let v = l + -151. What is the hundreds digit of v?
3
Let q(h) = -8*h**2 - 1092*h - 612. What is the tens digit of q(-126)?
7
Suppose -18770 = 4*i - 4*m + 70966, 4*i + 89716 = -m. What is the tens digit of i/(-90) + 2/(-9) - -4?
5
Suppose 3*k = t + 11, -3*t + 14 = 4*k - 4*t. What is the tens digit of (2 + -3)/(2*k/(-942))?
5
Let g(y) = -y**3 - 10*y**2 + 9*y - 6. Let x be (-3)/(1 - 16/13). Let d = x - 24. What is the tens digit of g(d)?
1
What is the tens digit of (184/8)/(7/((-24374)/3480) - -1)?
4
Let s = -27675 + 42903. What is the thousands digit of s?
5
Let l(a) be the first derivative of a**4/4 + 10*a**3/3 - 3*a**2 + 33*a - 66. What is the units digit of l(-7)?
2
Let f(t) = t**2 + 12*t + 30. Let z be f(-10). Suppose -z*s = -2*s - 3104. What is the units digit of s?
8
Let w = -20 - -19. Let f be 48/6 + w/(1/3). Suppose -94 - f = -h. What is the units digit of h?
9
Suppose 0 = 8*f - 15360 + 1696. Suppose 4*q - 5*q = -4*g + 1708, 4*g - 2*q = f. What is the tens digit of g?
2
Let b(o) = -3*o**3 + 4*o**2 - 3*o + 5. Let i be b(4). Let y = -73 - i. Suppose -m = -2*p + 192, -5*p - m + y = -404. What is the units digit of p?
4
Suppose -5*q = -2*a + 4949 + 4992, -4*q = -2*a + 9936. What is the thousands digit of a?
4
Suppose 48*s - 53*s + 6480 = 0. Suppose x + s = 5*x. Suppose 162 = 4*u - 2*u + 4*y, -4*u = -3*y - x. What is the tens digit of u?
8
Let s = 50 + 103. Suppose -s = -9*x + 810. Let b = x - 65. What is the tens digit of b?
4
Suppose -5*c + 18 = -2*c. Let r be 624/2*c/6. What is the tens digit of (35/70)/(0 + 2/r)?
7
Let a be (-5)/4*-4 + 24. Let v = 40 - a. Suppose -v*f + 1710 = -2*f. What is the tens digit of f?
9
Suppose 300*r = 303*r - 15. Let k(b) = b**3 + b**2 + 2*b + 2. Let v be k(5). Suppose f + 4*f - v = -2*n, 0 = -5*n + r*f + 440. What is the tens digit of n?
8
Let q be 2 - (3/(-3) - -6) - 62. Let w = q + 65. Suppose w = 5*b - 13*b + 112. What is the units digit of b?
4
Let z(j) = 3*j**2 - 21*j + 45. Let f be z(13). Let d = f - -1299. What is the hundreds digit of d?
5
Let j be ((-2)/2)/(4/(1 + 355)). Let c = j + 91. Suppose 4*m - 4 = 5*n - 199, -c*n + m + 78 = 0. What is the units digit of n?
9
Suppose p - 53 = -5*i, -6*i + 202 = 5*p - 2*i. Suppose -41*d + p*d + 24 = 0. What is the units digit of (-55)/(-4) + 2/d?
4
Let x = 161 + -148. Let v(m) = 23*m - 84. What is the units digit of v(x)?
5
Let k(n) = 122 + 12*n + 145 - 2*n + 2*n**2 - 243. What is the units digit of k(-15)?
4
Let n be (34/(-4) + -3)*(1 - 3). Let b = n - 20. What is the tens digit of (-12 - b)*(-1 + -4)?
7
Let m = -109 + 269. Let w = m + 226. What is the tens digit of w?
8
Suppose o - p = -0*p, -5*o = p - 12. Suppose g = o*s + 3, -5*s = 3*g + 2*g - 30. Suppose 5*j + 25 = 0, g = -2*d + 5*d + 2*j. What is the units digit of d?
5
Let q be 2 + 7190 + (6 - 0) + 1. Suppose 2126 = 25*t - q. What is the units digit of t?
3
Suppose -96*s + 48*s = -1901808. What is the units digit of s?
1
Suppose 4*w - 445 = -h + 74, 4*w = h - 559. Suppose -n = 3*b - 2*n - 524, -3*b + 4*n + h = 0. What is the hundreds digit of b?
1
Suppose -23*d + 22*d - 4*a + 12207 = 0, 24426 = 2*d + 5*a. Suppose 0 = 53*q - 70*q + d. What is the hundreds digit of q?
7
Let s be (-8347)/(-7) - (-93)/(-217). Let w = -96 + s. What is the thousands digit of w?
1
Suppose -c = -3*j - 37, 3*c - 35 = 4*j + 6. What is the tens digit of (-5780)/(-38) - j/(-133)?
5
What is the units digit of (120/(-32))/(-1)*-4*-227?
5
Let k(l) = -16*l - 3. Suppose -3*d + 0*d = 3*u + 6, 2*d = u - 1. Let a be k(u). Suppose 2*j - 45 = -a. What is the units digit of j?
6
What is the tens digit of 49/(13/9126*3)?
6
Let a be (-263)/(15/9*-3 - -4). Let h = 388 - a. What is the tens digit of h?
2
Suppose 11*g = -92*g - 132*g + 868325. What is the hundreds digit of g?
6
Let p be (7/2)/((-8)/48*1). What is the hundreds digit of (-50 + 0)*p/6?
1
Let t(g) = 3*g**2 - 11*g - 36. Let j be t(9). Let q = -166 - -329. Let c = j + q. What is the hundreds digit of c?
2
What is the units digit of (-3)/(-9) - (-15)/((-630)/(-50638))?
6
Suppose l + 13 = p, 5*l = -4*p + 43 - 0. Suppose -2*a - 4*d = -p, 3 = -d - 2*d. Suppose a*t + 3*t = 99. What is the units digit of t?
9
Let m be 3/(-2) - (-36)/24. Suppose 4 - 14 = -3*x + c, 3*x - 4*c - 22 = m. Suppose 4*u - 4*p - 168 = 0, -u = x*u - 4*p - 124. What is the units digit of u?
4
Suppose -3*n = -2*d - 6*n + 30263, 0 = -2*d + 2*n + 30248. What is the tens digit of d?
2
Let o(l) = -28 - l**2 - 17*l + 3*l**2 + 0*l**2. What is the hundreds digit of o(16)?
2
Let a = -120746 - -170542. What is the tens digit of a?
9
Suppose 0 = -116*y + 492591 + 193651 + 354278. What is the thousands digit of y?
8
Suppose 0 = 3*b + d - 32, -2*d + 4*d + 68 = 5*b. Let q = b - 9. What is the tens digit of (6 - (-170)/15)/(1/q)?
5
Suppose 81 = l - 3*m, 2*m = 5*l - 453 - 17. Let x = -5 + 8. Suppose x*n + 2*p = 104, -4*p + 0*p - l = -2*n. What is the units digit of n?
8
Let g be 4 + (36/6 - 7). Suppose -g*v + 6*v - 586 = -u, -2*v - 2913 = -5*u. What is the tens digit of u?
8
Suppose d + 9 = -5*n + 27, -3*d + 9 = 0. Suppose 4033 = 5*c + 5*f - 22, n*c + 5*f - 2423 = 0. What is the tens digit of c?
1
Suppose 3*d + 4*b = 1604, -d + 5*b + 528 = 3*b. Let m = d + -61. What is the tens digit of m?
7
Suppose -2*m + 3*u + 291 = 0, 0 = 4*m + 5*u - 8*u - 591. What is the tens digit of (603/(-15))/((-6)/m)?
0
Let f(s) = 1246*s**2 - 5*s + 10. Let w be f(2). Suppose z = -3*y + 3745, -4*y + 5*z + w = 4*z. What is the thousands digit of y?
1
Let u = 25 - -83. What is the tens digit of (u/(-72))/(3/(-376))?
8
Suppose 0 = 5*u + 5*p + 285, -2*p = -4*u + 2*p - 236. Let x = -73 - u. Let m = x - -73. What is the tens digit of m?
5
Let m(b) = 14*b**3 - 3*b**2 + 3*b - 1. Let z(c) = -c + 1. Let n be z(-2). Suppose n*g + 4*g - 14 = 0. What is the units digit of m(g)?
5
Suppose -4*k - 337065 + 991117 = 0. What is the hundreds digit of k/355 - 4/(-10)?
4
Suppose 132*m - 169*m + 1736817 = 0. What is the units digit of m?
1
Let u = 1 - 0. Let d(q) = -4*q**2 - 96*q + 25. Let a be d(-24). Let s = a + u. What is the units digit of s?
6
Suppose 0 = 19*u - 10 - 28. Suppose 5*b = 15, -3*p - u*p - 4*b = -1477. What is the tens digit of p?
9
Suppose -4*m + 8312 = 5*c, 0 = -3*m + 4*c + 2757 + 3508. What is the units digit of m?
3
Suppose 4310819 = 91*c - 2727852 + 1802986. What is 